 {"id":10027,"date":"2020-04-27T16:16:41","date_gmt":"2020-04-27T14:16:41","guid":{"rendered":"https:\/\/arctfoot.com\/?page_id=10027"},"modified":"2026-04-13T18:26:22","modified_gmt":"2026-04-13T16:26:22","slug":"lhistoire","status":"publish","type":"page","link":"https:\/\/arctfoot.com\/index.php\/lhistoire\/","title":{"rendered":"Histoire et Palmar\u00e8s du club"},"content":{"rendered":"\n<p>Histoire et Palmar\u00e8s du club<\/p>\n\n\n\n<p>1938: Club de la saint Pierre<\/p>\n\n\n\n<p>1972: Regroupement avec l\u2019association sportive st pierre Tilli\u00e8res- la Regrippi\u00e8re<\/p>\n\n\n\n<p>1991: St crespin (U.R.A.) rejoint les 2 autres communes pour former l\u2019ARC Tilli\u00e8res (Avenir Regrippi\u00e8rois Crespinois Tilli\u00e8res)<\/p>\n\n\n\n<p>2002: Finaliste Challenge Anjou 17 ans<\/p>\n\n\n\n<p>2003: vainqueur Challenge Anjou 13 ans<\/p>\n\n\n\n<p>2005: Cr\u00e9ation du site internet<\/p>\n\n\n\n<p>2007: Accession au niveau le plus \u00e9lev\u00e9 de l\u2019\u00e9quipe seniors 1 (Division Sup\u00e9rieure R\u00e9gionale) \/ Obtention 1er label FFF \u00e9cole de foot et 1er emploi au club<\/p>\n\n\n\n<p>2009: 1\/8\u00e8me de finale Coupe Atlantique Seniors<\/p>\n\n\n\n<p>2001: 1\/2 Finale Coupe Anjou Seniors<\/p>\n\n\n\n<p>2013: Obtention Label FFF bronze Ecole de foot<\/p>\n\n\n\n<p>2017: Obtention Label jeunes espoir FFF pour le club<\/p>\n\n\n\n<p>2018: Obtention Label FFF Ecole de Foot F\u00e9minine Bronze<\/p>\n\n\n\n<p>2019: Record du nombre de 360 licences au club \/ Cr\u00e9ation du Groupement f\u00e9minin Etoiles bleues avec le club du FC Fief Gest\u00e9<\/p>\n\n\n\n<p>2020: Adh\u00e9sion au Programme Club Lieu de Vie FFF <\/p>\n\n\n\n<p>2021: Renouvellement Label Jeunes espoir FFF \/ Obtention Label FFF Ecole de Foot F\u00e9minine OR pour le groupement \/ Cr\u00e9ation de la section Kids 3-4 ans et des stages Foot Citoyens\/ Finaliste nationale Projet Foot \u00e0 l&#8217;\u00e9cole FFF \/ Laur\u00e9at R\u00e9gional Challenge national Programme \u00e9ducatif FFF<\/p>\n\n\n\n<p>2022: Laur\u00e9at R\u00e9gional Club Lieu de Vie FFF<\/p>\n\n\n\n<p>2023: Laur\u00e9at FFF Challenge XBOX<\/p>\n\n\n\n<p>2024 : Obtention du Label Jeunes EXCELLENCE et renouvellement du label F\u00e9minines OR par la FFF.<\/p>\n\n\n\n<p>Laur\u00e9at Pays de Loire FFF \u201cClub Lieu de Vie\u201d<\/p>\n\n\n\n<p>&nbsp;Record du nombre de 384 licences au club.<\/p>\n\n\n\n<p><strong>Les Pr\u00e9sidents:<\/strong><\/p>\n\n\n\n<p>1991-2007: Jean Loiret<\/p>\n\n\n\n<p>2007-2013: Christophe Bruneti\u00e8re<\/p>\n\n\n\n<p>2013-2016: Romain Poirier<\/p>\n\n\n\n<p>2016-2020: Pascal Evin<\/p>\n\n\n\n<p>2020-2023: J\u00e9r\u00f4me Huret \/ Micka\u00ebl M\u00e9grier<\/p>\n\n\n\n<p>2023-&#8230;: J\u00e9r\u00f4me Huret \/ Nicolas Sach\u00e9<\/p>\n\n\n\n<p><strong>Les Entra\u00eeneurs:<\/strong><\/p>\n\n\n\n<p>1991-1992: Yvonnick Jaunet<\/p>\n\n\n\n<p>1992-1993: Harry Larivi\u00e8re<\/p>\n\n\n\n<p>1993-1995: Hugues Bergeon<\/p>\n\n\n\n<p>1995-1996: Michel Renou<\/p>\n\n\n\n<p>1996-2000: Mickael Rafflegeau<\/p>\n\n\n\n<p>2000-2003: Fr\u00e9d\u00e9ric Enfrin<\/p>\n\n\n\n<p>2003-2004: Fr\u00e9d\u00e9ric Enfrin\/Jacques Couteau<\/p>\n\n\n\n<p>2004-2005: Jacques Couteau<\/p>\n\n\n\n<p>2005-2006: Fr\u00e9d\u00e9ric Gu\u00e9rin<\/p>\n\n\n\n<p>2006-2009: William Fraboulet<\/p>\n\n\n\n<p>2009-2013: Thomas Cl\u00e9mot<\/p>\n\n\n\n<p>2013-2014: Vincent Perraudeau\/Thomas Attonaty<\/p>\n\n\n\n<p>2014-2015: Vincent Perraudeau<\/p>\n\n\n\n<p>2015-2016: Anthony Reintaux<\/p>\n\n\n\n<p>2016-2017: Kevin Le Meignen<\/p>\n\n\n\n<p>2017-2019: Nicolas Rabaud<\/p>\n\n\n\n<p>2019-2024: Jean Bruneti\u00e8re<\/p>\n\n\n\n<p>2024-2025: J\u00e9r\u00e9my Moreau<\/p>\n\n\n\n<p>2025-&#8230;: Samuel Fleurance<\/p>\n","protected":false},"excerpt":{"rendered":"<p>Histoire et Palmar\u00e8s du club 1938: Club de la saint Pierre 1972: Regroupement avec l\u2019association sportive st pierre Tilli\u00e8res- la Regrippi\u00e8re 1991: St crespin (U.R.A.) rejoint les 2 autres communes pour former l\u2019ARC Tilli\u00e8res (Avenir Regrippi\u00e8rois Crespinois Tilli\u00e8res) 2002: Finaliste Challenge Anjou 17 ans 2003: vainqueur Challenge Anjou 13 ans 2005: Cr\u00e9ation du site internet&hellip; <\/p>\n<p class=\"chuchadon-read-more\"><a href=\"https:\/\/arctfoot.com\/index.php\/lhistoire\/\" class=\"more-link\">Lire la suite de <span class=\"screen-reader-text\">Histoire et Palmar\u00e8s du club<\/span><\/a><\/p>\n","protected":false},"author":1,"featured_media":16242,"parent":0,"menu_order":0,"comment_status":"closed","ping_status":"closed","template":"","meta":{"_joinchat":[]},"_links":{"self":[{"href":"https:\/\/arctfoot.com\/index.php\/wp-json\/wp\/v2\/pages\/10027"}],"collection":[{"href":"https:\/\/arctfoot.com\/index.php\/wp-json\/wp\/v2\/pages"}],"about":[{"href":"https:\/\/arctfoot.com\/index.php\/wp-json\/wp\/v2\/types\/page"}],"author":[{"embeddable":true,"href":"https:\/\/arctfoot.com\/index.php\/wp-json\/wp\/v2\/users\/1"}],"replies":[{"embeddable":true,"href":"https:\/\/arctfoot.com\/index.php\/wp-json\/wp\/v2\/comments?post=10027"}],"version-history":[{"count":20,"href":"https:\/\/arctfoot.com\/index.php\/wp-json\/wp\/v2\/pages\/10027\/revisions"}],"predecessor-version":[{"id":18435,"href":"https:\/\/arctfoot.com\/index.php\/wp-json\/wp\/v2\/pages\/10027\/revisions\/18435"}],"wp:featuredmedia":[{"embeddable":true,"href":"https:\/\/arctfoot.com\/index.php\/wp-json\/wp\/v2\/media\/16242"}],"wp:attachment":[{"href":"https:\/\/arctfoot.com\/index.php\/wp-json\/wp\/v2\/media?parent=10027"}],"curies":[{"name":"wp","href":"https:\/\/api.w.org\/{rel}","templated":true}]}}